{"id":1010,"date":"2024-03-19T18:35:09","date_gmt":"2024-03-19T17:35:09","guid":{"rendered":"http:\/\/festicimes.fr\/?page_id=1010"},"modified":"2024-03-19T18:35:09","modified_gmt":"2024-03-19T17:35:09","slug":"spectacle-gouter-le-7-aout-2024-16h","status":"publish","type":"page","link":"https:\/\/festicimes.fr\/index.php\/spectacle-gouter-le-7-aout-2024-16h\/","title":{"rendered":"Myrtille la marmotte 7 aout 2024 16H"},"content":{"rendered":"<style>\/*! elementor - v3.11.2 - 22-02-2023 *\/\n.elementor-heading-title{padding:0;margin:0;line-height:1}.elementor-widget-heading .elementor-heading-title[class*=elementor-size-]>a{color:inherit;font-size:inherit;line-height:inherit}.elementor-widget-heading .elementor-heading-title.elementor-size-small{font-size:15px}.elementor-widget-heading .elementor-heading-title.elementor-size-medium{font-size:19px}.elementor-widget-heading .elementor-heading-title.elementor-size-large{font-size:29px}.elementor-widget-heading .elementor-heading-title.elementor-size-xl{font-size:39px}.elementor-widget-heading .elementor-heading-title.elementor-size-xxl{font-size:59px}<\/style>\n<h4>Spectacle go\u00fbter<\/h4>\n<h6>Mercredi 7 ao\u00fbt 2024 \u00e0 16h devant le petit lac d\u2019Arreau<\/h6>\n<h4>Myrtille la Marmotte et le retour des abeilles<\/h4>\n<p><a href=\"http:\/\/festicimes.fr\/?page_id=667\">Sarah DAVID<\/a> &#8211; piano<\/p>\n<p><a href=\"http:\/\/festicimes.fr\/?page_id=442\">Marie DEWAS<\/a> \u00a0&#8211; piano<\/p>\n<p>Au programme :<\/p>\n<ul>\n<li>Duo des fleurs extrait de l\u2019op\u00e9ra Lakm\u00e9 de L\u00e9o Delibes<\/li>\n<li>Transcription pour piano solo du Vol du Bourdon de Rimski-Korsakov<\/li>\n<li>Le papillon et la Fleur opus 1 n\u00b01 de Gabriel Faur\u00e9<\/li>\n<li>Transcription du Printemps extrait des Quatre Saisons de Antonio Vivaldi<\/li>\n<li>Valse des fleurs de Piotr Ilitch Tchakovski\u2026<\/li>\n<\/ul>\n<p>\u00a0Prix des places : Gratuit\t\t<\/p>\n<style>\/*! elementor - v3.11.2 - 22-02-2023 *\/\n.elementor-widget-image{text-align:center}.elementor-widget-image a{display:inline-block}.elementor-widget-image a img[src$=\".svg\"]{width:48px}.elementor-widget-image img{vertical-align:middle;display:inline-block}<\/style>\n<p>\t\t\t\t\t\t\t\t\t\t\t\t\t<a href=\"https:\/\/www.lesvirtuosesducoeur.com\/marie-sevagen\/\"><br \/>\n\t\t\t\t\t\t\t<img decoding=\"async\" width=\"800\" height=\"600\" src=\"http:\/\/festicimes.fr\/wp-content\/uploads\/2024\/04\/myrtille_800x600.png\" alt=\"\" loading=\"lazy\" srcset=\"http:\/\/festicimes.fr\/wp-content\/uploads\/2024\/04\/myrtille_800x600.png 800w, http:\/\/festicimes.fr\/wp-content\/uploads\/2024\/04\/myrtille_800x600-300x225.png 300w, http:\/\/festicimes.fr\/wp-content\/uploads\/2024\/04\/myrtille_800x600-768x576.png 768w\" sizes=\"auto, (max-width: 800px) 100vw, 800px\" \/>\t\t\t\t\t\t\t\t<\/a><br \/>\n\t\t\t\t\t\t\t\t\t\t\t\t\t\t\t<img decoding=\"async\" width=\"800\" height=\"600\" src=\"http:\/\/festicimes.fr\/wp-content\/uploads\/2024\/05\/myrtie_2_1100x700-1024x768.png\" alt=\"\" loading=\"lazy\" srcset=\"http:\/\/festicimes.fr\/wp-content\/uploads\/2024\/05\/myrtie_2_1100x700-1024x768.png 1024w, http:\/\/festicimes.fr\/wp-content\/uploads\/2024\/05\/myrtie_2_1100x700-300x225.png 300w, http:\/\/festicimes.fr\/wp-content\/uploads\/2024\/05\/myrtie_2_1100x700-768x576.png 768w, http:\/\/festicimes.fr\/wp-content\/uploads\/2024\/05\/myrtie_2_1100x700.png 1152w\" sizes=\"auto, (max-width: 800px) 100vw, 800px\" \/>\t\t\t\t\t\t\t\t\t\t\t\t\t\t\t<\/p>\n<p>Bienvenue dans ce spectacle musical envo\u00fbtant o\u00f9 la magie de la musique classique se m\u00eale \u00e0 l&rsquo;aventure captivante de Myrtille la Marmotte, le c\u00e9l\u00e8bre personnage des Hautes-Pyr\u00e9n\u00e9es ! Inspir\u00e9 par le livre pour enfants \u00ab Myrtille la Marmotte et le retour des abeilles \u00bb, cette performance invite les<br \/>jeunes spectateurs \u00e0 d\u00e9couvrir le monde fascinant des abeilles et d&rsquo;autres insectes \u00e0 travers les yeux curieux de Myrtille.<\/p>\n<p>Accompagnez Myrtille dans son exploration printani\u00e8re o\u00f9 elle d\u00e9couvre la vie tr\u00e9pidante des abeilles et d&rsquo;autres petites cr\u00e9atures qui peuplent son environnement. Chaque rencontre est rythm\u00e9e par les airs enjou\u00e9s de la musique classique. Au travers cette aventure musicale et \u00e9ducative, les enfants en<br \/>apprendront non seulement sur la vie des abeilles, mais aussi sur les merveilles de la musique<br \/>classique.<\/p>\n<p>Comment s&rsquo;y rendre :<\/p>\n<style>\/*! elementor - v3.11.2 - 22-02-2023 *\/\n.elementor-widget-google_maps .elementor-widget-container{overflow:hidden}.elementor-widget-google_maps .elementor-custom-embed{line-height:0}.elementor-widget-google_maps iframe{height:300px}<\/style>\n<p>\t\t\t<iframe loading=\"lazy\"\n\t\t\t\t\tsrc=\"https:\/\/maps.google.com\/maps?q=Chapelle%20Saint%20Exupere%20Arreau&#038;t=m&#038;z=17&#038;output=embed&#038;iwloc=near\"\n\t\t\t\t\ttitle=\"Chapelle Saint Exupere Arreau\"\n\t\t\t\t\taria-label=\"Chapelle Saint Exupere Arreau\"\n\t\t\t><\/iframe><\/p>\n","protected":false},"excerpt":{"rendered":"<p>Spectacle go\u00fbter Mercredi 7 ao\u00fbt 2024 \u00e0 16h devant le petit lac d\u2019Arreau Myrtille la Marmotte et le retour des abeilles Sarah DAVID &#8211; piano Marie DEWAS \u00a0&#8211; piano Au programme : Duo des fleurs extrait de l\u2019op\u00e9ra Lakm\u00e9 de L\u00e9o Delibes Transcription pour piano solo du Vol du Bourdon de Rimski-Korsakov Le papillon et [&hellip;]<\/p>\n","protected":false},"author":1,"featured_media":0,"parent":0,"menu_order":0,"comment_status":"closed","ping_status":"closed","template":"","meta":{"footnotes":""},"class_list":["post-1010","page","type-page","status-publish","hentry"],"_links":{"self":[{"href":"https:\/\/festicimes.fr\/index.php\/wp-json\/wp\/v2\/pages\/1010","targetHints":{"allow":["GET"]}}],"collection":[{"href":"https:\/\/festicimes.fr\/index.php\/wp-json\/wp\/v2\/pages"}],"about":[{"href":"https:\/\/festicimes.fr\/index.php\/wp-json\/wp\/v2\/types\/page"}],"author":[{"embeddable":true,"href":"https:\/\/festicimes.fr\/index.php\/wp-json\/wp\/v2\/users\/1"}],"replies":[{"embeddable":true,"href":"https:\/\/festicimes.fr\/index.php\/wp-json\/wp\/v2\/comments?post=1010"}],"version-history":[{"count":0,"href":"https:\/\/festicimes.fr\/index.php\/wp-json\/wp\/v2\/pages\/1010\/revisions"}],"wp:attachment":[{"href":"https:\/\/festicimes.fr\/index.php\/wp-json\/wp\/v2\/media?parent=1010"}],"curies":[{"name":"wp","href":"https:\/\/api.w.org\/{rel}","templated":true}]}}