{"id":686,"date":"2023-06-24T15:14:10","date_gmt":"2023-06-24T13:14:10","guid":{"rendered":"http:\/\/festicimes.fr\/?page_id=686"},"modified":"2023-06-24T15:14:10","modified_gmt":"2023-06-24T13:14:10","slug":"henri-pauliat","status":"publish","type":"page","link":"https:\/\/festicimes.fr\/index.php\/henri-pauliat\/","title":{"rendered":"Henri PAULIAT"},"content":{"rendered":"<style>\/*! elementor - v3.11.2 - 22-02-2023 *\/\n.elementor-widget-image{text-align:center}.elementor-widget-image a{display:inline-block}.elementor-widget-image a img[src$=\".svg\"]{width:48px}.elementor-widget-image img{vertical-align:middle;display:inline-block}<\/style>\n<p>\t\t\t\t\t\t\t\t\t\t\t\t<img decoding=\"async\" width=\"800\" height=\"617\" src=\"http:\/\/festicimes.fr\/wp-content\/uploads\/2023\/06\/Henri-PAULIAT-1024x790.jpg\" alt=\"\" loading=\"lazy\" srcset=\"http:\/\/festicimes.fr\/wp-content\/uploads\/2023\/06\/Henri-PAULIAT-1024x790.jpg 1024w, http:\/\/festicimes.fr\/wp-content\/uploads\/2023\/06\/Henri-PAULIAT-300x231.jpg 300w, http:\/\/festicimes.fr\/wp-content\/uploads\/2023\/06\/Henri-PAULIAT-768x592.jpg 768w, http:\/\/festicimes.fr\/wp-content\/uploads\/2023\/06\/Henri-PAULIAT-1536x1184.jpg 1536w, http:\/\/festicimes.fr\/wp-content\/uploads\/2023\/06\/Henri-PAULIAT.jpg 1660w\" sizes=\"auto, (max-width: 800px) 100vw, 800px\" \/>\t\t\t\t\t\t\t\t\t\t\t\t\t\t\t<\/p>\n<p>Juriste de formation, Henri Pauliat suit parall\u00e8lement des cours de chant au conservatoire de Limoges o\u00f9 il obtient son prix d\u2019art lyrique \u00e0 l\u2019unanimit\u00e9 en 2013.<\/p>\n<p>Depuis 2011, il fait partie de la troupe de l\u2019Op\u00e9ra de Limoges sur la sc\u00e8ne duquel il a pu interpr\u00e9ter plusieurs r\u00f4les dans Fra Diavolo (Milord) en 2013, l\u2019Affaire Tailleferre (le Bottier et le Notaire) en 2014, Un de la Canebi\u00e8re (Toinet) en 2015 ou dans Quatre jours \u00e0 Paris (Ferdinand) en 2016. Il est \u00e9galement Borsa dans la production de Rigoletto avec la troupe de Figaro Si, Figaro L\u00e0 en 2013.<\/p>\n<p>En plus du r\u00e9pertoire classique, il se passionne pour celui de la com\u00e9die musicale et co-fonde en 2014 le \u00ab Quartet \u00bb, une formation vocale aux sonorit\u00e9s jazz, gospel et barber shop.<\/p>\n","protected":false},"excerpt":{"rendered":"<p>Juriste de formation, Henri Pauliat suit parall\u00e8lement des cours de chant au conservatoire de Limoges o\u00f9 il obtient son prix d\u2019art lyrique \u00e0 l\u2019unanimit\u00e9 en 2013. Depuis 2011, il fait partie de la troupe de l\u2019Op\u00e9ra de Limoges sur la sc\u00e8ne duquel il a pu interpr\u00e9ter plusieurs r\u00f4les dans Fra Diavolo (Milord) en 2013, l\u2019Affaire [&hellip;]<\/p>\n","protected":false},"author":1,"featured_media":0,"parent":0,"menu_order":0,"comment_status":"closed","ping_status":"closed","template":"","meta":{"footnotes":""},"class_list":["post-686","page","type-page","status-publish","hentry"],"_links":{"self":[{"href":"https:\/\/festicimes.fr\/index.php\/wp-json\/wp\/v2\/pages\/686","targetHints":{"allow":["GET"]}}],"collection":[{"href":"https:\/\/festicimes.fr\/index.php\/wp-json\/wp\/v2\/pages"}],"about":[{"href":"https:\/\/festicimes.fr\/index.php\/wp-json\/wp\/v2\/types\/page"}],"author":[{"embeddable":true,"href":"https:\/\/festicimes.fr\/index.php\/wp-json\/wp\/v2\/users\/1"}],"replies":[{"embeddable":true,"href":"https:\/\/festicimes.fr\/index.php\/wp-json\/wp\/v2\/comments?post=686"}],"version-history":[{"count":0,"href":"https:\/\/festicimes.fr\/index.php\/wp-json\/wp\/v2\/pages\/686\/revisions"}],"wp:attachment":[{"href":"https:\/\/festicimes.fr\/index.php\/wp-json\/wp\/v2\/media?parent=686"}],"curies":[{"name":"wp","href":"https:\/\/api.w.org\/{rel}","templated":true}]}}

<style>/*! elementor - v3.11.2 - 22-02-2023 */
.elementor-widget-image{text-align:center}.elementor-widget-image a{display:inline-block}.elementor-widget-image a img[src$=".svg"]{width:48px}.elementor-widget-image img{vertical-align:middle;display:inline-block}</style>
<p>												<img decoding="async" width="800" height="617" src="http://festicimes.fr/wp-content/uploads/2023/06/Henri-PAULIAT-1024x790.jpg" alt="" loading="lazy" srcset="http://festicimes.fr/wp-content/uploads/2023/06/Henri-PAULIAT-1024x790.jpg 1024w, http://festicimes.fr/wp-content/uploads/2023/06/Henri-PAULIAT-300x231.jpg 300w, http://festicimes.fr/wp-content/uploads/2023/06/Henri-PAULIAT-768x592.jpg 768w, http://festicimes.fr/wp-content/uploads/2023/06/Henri-PAULIAT-1536x1184.jpg 1536w, http://festicimes.fr/wp-content/uploads/2023/06/Henri-PAULIAT.jpg 1660w" sizes="auto, (max-width: 800px) 100vw, 800px" />															</p>
<p>Juriste de formation, Henri Pauliat suit parallèlement des cours de chant au conservatoire de Limoges où il obtient son prix d’art lyrique à l’unanimité en 2013.</p>
<p>Depuis 2011, il fait partie de la troupe de l’Opéra de Limoges sur la scène duquel il a pu interpréter plusieurs rôles dans Fra Diavolo (Milord) en 2013, l’Affaire Tailleferre (le Bottier et le Notaire) en 2014, Un de la Canebière (Toinet) en 2015 ou dans Quatre jours à Paris (Ferdinand) en 2016. Il est également Borsa dans la production de Rigoletto avec la troupe de Figaro Si, Figaro Là en 2013.</p>
<p>En plus du répertoire classique, il se passionne pour celui de la comédie musicale et co-fonde en 2014 le « Quartet », une formation vocale aux sonorités jazz, gospel et barber shop.</p>

<p>Juriste de formation, Henri Pauliat suit parallèlement des cours de chant au conservatoire de Limoges où il obtient son prix d’art lyrique à l’unanimité en 2013. Depuis 2011, il fait partie de la troupe de l’Opéra de Limoges sur la scène duquel il a pu interpréter plusieurs rôles dans Fra Diavolo (Milord) en 2013, l’Affaire [&hellip;]</p>
