{"id":983,"date":"2024-03-19T18:08:32","date_gmt":"2024-03-19T17:08:32","guid":{"rendered":"http:\/\/festicimes.fr\/?page_id=983"},"modified":"2024-03-19T18:08:32","modified_gmt":"2024-03-19T17:08:32","slug":"adrien-bellom","status":"publish","type":"page","link":"https:\/\/festicimes.fr\/index.php\/adrien-bellom\/","title":{"rendered":"Adrien BELLOM"},"content":{"rendered":"<style>\/*! elementor - v3.11.2 - 22-02-2023 *\/\n.elementor-widget-image{text-align:center}.elementor-widget-image a{display:inline-block}.elementor-widget-image a img[src$=\".svg\"]{width:48px}.elementor-widget-image img{vertical-align:middle;display:inline-block}<\/style>\n<p>\t\t\t\t\t\t\t\t\t\t\t\t<img decoding=\"async\" width=\"683\" height=\"1024\" src=\"http:\/\/festicimes.fr\/wp-content\/uploads\/2024\/05\/yIMG_5234-683x1024.jpg\" alt=\"\" loading=\"lazy\" srcset=\"http:\/\/festicimes.fr\/wp-content\/uploads\/2024\/05\/yIMG_5234-683x1024.jpg 683w, http:\/\/festicimes.fr\/wp-content\/uploads\/2024\/05\/yIMG_5234-200x300.jpg 200w, http:\/\/festicimes.fr\/wp-content\/uploads\/2024\/05\/yIMG_5234-768x1152.jpg 768w, http:\/\/festicimes.fr\/wp-content\/uploads\/2024\/05\/yIMG_5234-1024x1536.jpg 1024w, http:\/\/festicimes.fr\/wp-content\/uploads\/2024\/05\/yIMG_5234-1365x2048.jpg 1365w, http:\/\/festicimes.fr\/wp-content\/uploads\/2024\/05\/yIMG_5234-scaled.jpg 1707w\" sizes=\"auto, (max-width: 683px) 100vw, 683px\" \/>\t\t\t\t\t\t\t\t\t\t\t\t\t\t\t<\/p>\n<p>\u00a9<em>\u00a0Natacha Colmez Photography<\/em><\/p>\n<p>En dehors de son activit\u00e9 de violoncelliste 2<sup>e<\/sup> soliste au sein de l\u2019Orchestre Philharmonique de Radio-France, Adrien Bellom est aujourd\u2019hui un chambriste reconnu dans le paysage musical fran\u00e7ais.<\/p>\n<p>Apr\u00e8s avoir \u00e9tudi\u00e9 au CNSM de Paris, au Mozarteum de Salzburg ainsi qu&rsquo;\u00e0 la Chapelle Musicale Reine Elisabeth en Belgique, il est devenu membre fondateur du quatuor avec piano Abegg et du quatuor \u00e0 cordes Lachrymae, et est actuellement le violoncelliste du trio Medici (2<sup>e<\/sup> prix des concours internationaux Joseph Haydn et Melbourne). Il se produit aussi r\u00e9guli\u00e8rement en sonate avec son fr\u00e8re Guillaume Bellom.<\/p>\n<p>On a ainsi pu l&rsquo;entendre au festival de Bel-Air, au festival de la Roche-Posay, au festival des Arcs, aux Journ\u00e9es Ravel de Monfort l&rsquo;Amaury, au festival de Deauville, au festival de La Pr\u00e9e, au festival Debussy, au Palazetto Bru Zane \u00e0 Venise, aux Sommets Musicaux de Gstaad, \u00e0 Flagey, \u00e0 l&rsquo;Auditorium du Louvre, \u00e0 la Philarmonie de Paris&#8230; aux c\u00f4t\u00e9s de nombreuses personnalit\u00e9s musicales, telles que Pierre Fouchenneret, Charlotte Juillard, Guillaume et Marie Chilemme, Fran\u00e7ois Salque, Yan Levionnois, Isma\u00ebl Margain, le Quatuor Hanson.<\/p>\n<p>Adrien accorde depuis son plus jeune \u00e2ge une grande place \u00e0 la pratique\u00a0 du piano\u00a0; il obtient en 2014 un Premier Prix au Conservatoire de Boulogne-Billancourt.<\/p>\n<p>En tant que violoncelliste du Trio Medici, il a particip\u00e9 \u00e0 l\u2019enregistrement du coffret CD Anton Reicha publi\u00e9 chez Outhere Music !, en coproduction avec la Chapelle Musicale Reine Elisabeth et le Palazetto Bru Zane, sorti en septembre 2017.<\/p>\n<p>Il a \u00e9galement particip\u00e9 \u00e0 l\u2019enregistrement du coffret CD autour de la musique de chambre de Fernand de La Tombelle (Collection \u00ab\u00a0Portraits\u00a0\u00bb | Bru Zane), sorti en novembre 2019.<\/p>\n<p>\u00a0<\/p>\n","protected":false},"excerpt":{"rendered":"<p>\u00a9\u00a0Natacha Colmez Photography En dehors de son activit\u00e9 de violoncelliste 2e soliste au sein de l\u2019Orchestre Philharmonique de Radio-France, Adrien Bellom est aujourd\u2019hui un chambriste reconnu dans le paysage musical fran\u00e7ais. Apr\u00e8s avoir \u00e9tudi\u00e9 au CNSM de Paris, au Mozarteum de Salzburg ainsi qu&rsquo;\u00e0 la Chapelle Musicale Reine Elisabeth en Belgique, il est devenu membre [&hellip;]<\/p>\n","protected":false},"author":1,"featured_media":0,"parent":0,"menu_order":0,"comment_status":"closed","ping_status":"closed","template":"","meta":{"footnotes":""},"class_list":["post-983","page","type-page","status-publish","hentry"],"_links":{"self":[{"href":"https:\/\/festicimes.fr\/index.php\/wp-json\/wp\/v2\/pages\/983","targetHints":{"allow":["GET"]}}],"collection":[{"href":"https:\/\/festicimes.fr\/index.php\/wp-json\/wp\/v2\/pages"}],"about":[{"href":"https:\/\/festicimes.fr\/index.php\/wp-json\/wp\/v2\/types\/page"}],"author":[{"embeddable":true,"href":"https:\/\/festicimes.fr\/index.php\/wp-json\/wp\/v2\/users\/1"}],"replies":[{"embeddable":true,"href":"https:\/\/festicimes.fr\/index.php\/wp-json\/wp\/v2\/comments?post=983"}],"version-history":[{"count":0,"href":"https:\/\/festicimes.fr\/index.php\/wp-json\/wp\/v2\/pages\/983\/revisions"}],"wp:attachment":[{"href":"https:\/\/festicimes.fr\/index.php\/wp-json\/wp\/v2\/media?parent=983"}],"curies":[{"name":"wp","href":"https:\/\/api.w.org\/{rel}","templated":true}]}}